*2 - m - 2. Let g(x) = o(x) - 5*v(x). Is g(5) composite?
False
Let i be 318/4*(-4)/(-6). Let t = -38 + i. Is 4722/(-4)*(-10)/t prime?
True
Let d(c) = 1462394*c**2 - 101*c - 98. Is d(-1) composite?
False
Let b(a) = a**3 + a**2 - 7*a + 5. Let s be b(3). Let j = 2 - 0. Is ((-2422)/(-4) - s/(-5))*j prime?
False
Let i(g) = -g**2 + 10*g + 8. Let h be i(10). Suppose -h*y = 36594 - 93146. Is y a composite number?
False
Is 75909 - -2*(-15 - -17) a composite number?
False
Suppose 4*u - 244897 = -x, -244867 = -4*u + 33*x - 28*x. Is u a composite number?
False
Suppose -3644*k = -3626*k - 525222. Is k prime?
True
Let f be 6/(14/(-12) - (4 - 5)). Let z be (-66)/15 + -2 + f/(-15). Let o(m) = -101*m + 15. Is o(z) prime?
True
Suppose 0 = 8*s - 0*s + 3*s. Suppose s = -3*h + 2*t + 18201, 2*h = 2*t - 5*t + 12134. Is h a composite number?
False
Suppose -6 = 2*f - 2*m - 4, 5*f + 5 = -4*m. Let l(k) = 1305*k**2 - 12*k - 11. Is l(f) prime?
False
Let z = -5460 - -14909. Is z composite?
True
Suppose 0 = z + 28 - 33. Suppose -9*d - 16494 = -14*d - c, 0 = -5*c - z. Is d a composite number?
False
Let l be (-20 - 0)*(215/20 - 3). Let w = l + 2121. Is w prime?
False
Is 5596470/22 + 9/(-18)*8 composite?
True
Suppose -4*x = -n - 1047851 + 230701, 0 = -5*x - 2*n + 1021431. Is x a prime number?
False
Is ((-335906)/4)/((18/(-48))/(3/4)) a composite number?
False
Suppose -10*s + s + 103252 + 257567 = 0. Is s a composite number?
True
Let u be (-3)/6 + 7/4*2. Suppose -l - 2*k - 6311 = -4*l, -u*k = -l + 2106. Is l a composite number?
True
Let h be 390/(-9) + 4/(-6). Let m = h - -49. Is 6849/3 + m + -9 a composite number?
True
Let g(x) = 4*x - 43*x**3 + x + 2*x**2 - 3 + 42*x**3. Let h be g(3). Suppose 0 = 4*z + h*i - 2524, i = -0*i - 4. Is z a composite number?
True
Is (-16599236)/(-222) - ((-20)/(-15))/4 a composite number?
False
Let h(b) = 12*b**2 - 181*b - 62. Is h(77) prime?
True
Let i(j) = 206*j**2 + 74*j - 61. Is i(-22) composite?
True
Let l(n) = 8*n**2 + 2*n. Let p be l(-1). Suppose -4*s + 4*g = -31832, -5*g = -s + p*s - 39820. Is s composite?
True
Let a(w) = 4*w**3 + 17*w**2 + 3*w - 1. Let x be a(-4). Suppose 3*n + 5*i = -n + x, -3*i + 9 = 0. Is n + 541/7 + (-2)/7 a composite number?
True
Suppose 3*d + 8 = -t - 5, 0 = 5*t - 3*d - 25. Suppose 7 + 3 = 2*k. Suppose k = 2*p - 5, t*b = 2*p + 2800. Is b a prime number?
False
Let j(w) = 5*w**3 + 6*w**2 - 12*w + 9. Suppose x - 12 + 8 = 0. Let u be j(x). Suppose 0 = 5*m + 2*b - 957, 2*m - b = 4*b + u. Is m a prime number?
True
Suppose -4*i + 12 = -2*q, -2*i = -0*i - 4*q - 6. Suppose 5*h + 4*g = 15094 - 5605, 0 = -i*h + 5*g + 5723. Is h a composite number?
False
Suppose 6*w - 429 = 3*w. Suppose 0 = t - 3*b - 271, -3*t - b = -w - 710. Suppose 4*f + 3*d - 593 = 0, -d + 4*d = 2*f - t. Is f prime?
False
Suppose 0 = 12760*v - 12756*v - 200276. Is v prime?
True
Let d(p) = 883*p**2 - 22*p + 68. Is d(-15) a prime number?
False
Let m(d) = 14*d**3 - 2*d**2 + 55*d + 4. Is m(13) a composite number?
False
Is 71141221/387 - ((-32)/36)/(-2) prime?
False
Suppose -1155*t = -1151*t + 2*g - 1503418, -3*t = -3*g - 1127532. Is t composite?
True
Let k(h) = 24*h**2 + 23*h - 36. Let m be k(-17). Let z = m - -6144. Is z a composite number?
False
Suppose -1082 = -3*u - 5*s + 1252, -3*s = 0. Let l = -439 + u. Is l a prime number?
False
Let y(h) = 548*h**2 - 3*h + 5. Let t be y(2). Suppose -g = l - t, -5*l - 12 = -2*l. Is g a prime number?
False
Let v be ((-200)/(-30) - 1/(-3)) + 4. Let w(i) = 10*i**3 + 25*i**2 - 13*i - 9. Is w(v) a prime number?
True
Let z(v) be the first derivative of v**3/3 + v**2 + 199*v - 62. Let t(b) = b**3 - 6*b**2 + 4*b + 5. Let m be t(5). Is z(m) prime?
True
Let b = 41873 - 25361. Let i = -9565 + b. Is i prime?
True
Let y(i) = 11 - 10*i - i**2 - 9 + 4*i. Let n be y(-6). Suppose -3*l - 3*b = -896 - 1015, -b + n = 0. Is l a prime number?
False
Let k(s) = 3*s**2 + 8*s + 8. Let z be k(-1). Suppose -z*j = 3*p - 3636, 5*p + 6070 = 10*p + 3*j. Is p a prime number?
True
Let s(i) be the second derivative of i**5/10 - 11*i**4/6 + 5*i**3/6 + 13*i**2 + 12*i + 3. Is s(15) prime?
True
Let f(z) = 39*z**2 + 20*z + 118. Let a = 726 - 731. Is f(a) prime?
False
Is (-13)/((-104)/(-6)) - ((-2614412)/16 - 3) composite?
False
Suppose -5 = -26*l + 21*l. Is 8779 - (-2 - (l - 3)) prime?
True
Suppose 2 = -g, -3*j + 2*g = 4*g - 980. Let t(h) = -h**3 - 10*h**2 - 9*h. Let i be t(-9). Is 0 + 3 + (j - i) prime?
True
Let n be (50/15 - 4)/((-2)/3). Let f(m) = 6*m**3 - 3*m**2 + 4*m - 2. Let u be f(n). Is -1*(u + -1466) - (-1 - -3) composite?
False
Let y be (15550/(-4))/(2/(-4)). Let o(f) = 468*f + 770. Let q be o(5). Suppose 2*a + z - 6*z - q = 0, -5*a = 3*z - y. Is a prime?
False
Let s(k) = 705*k**2 - 18*k + 193. Is s(20) composite?
False
Suppose -5*v = -4*v + p + 1, -3*v + p + 17 = 0. Suppose -3*k = z - 8789, 8*k - 11716 = v*k - 2*z. Let x = 5540 - k. Is x composite?
False
Suppose 2*k - 4 = 0, 7*l - 12*l + 1663837 = k. Is l a composite number?
False
Suppose 0 = -20*x + 227373 + 115687. Is x a prime number?
False
Suppose -709*j + 694*j + 677415 = 0. Is j a composite number?
False
Suppose -8*k - 18 = 14. Is 3/k - (-5 - (-50289)/(-12)) composite?
True
Let z(v) = 3*v**2 + v + 39. Let g be -60*(-4 - (-6 + 3)). Suppose -7*r = -4*r - g. Is z(r) a prime number?
True
Suppose -27*b + 272 + 420 = 125. Is b a composite number?
True
Suppose -5*x + 1954768 = n, 4*x = -30*n + 32*n + 1563806. Is x prime?
True
Suppose 31*s = -16*s + 16*s + 21796627. Is s prime?
True
Suppose 70 = 36*c - 26*c. Suppose -c*s = -293 + 62. Is s a composite number?
True
Suppose -10*h - a = -4*a - 1950713, -5*h + 4*a = -975359. Is h prime?
True
Suppose -i = -3*i + 4. Suppose -3*h + 3*l - l + 18103 = 0, i*l - 18119 = -3*h. Is h composite?
False
Let z be (-202518)/(-162) - 3/(-81)*-3. Suppose -4*r - z = -5262. Is r a prime number?
False
Let m be (2 - (-1054)/(-4))/(2/768). Let k = -68131 - m. Is 58/(-261) - k/(-9) a composite number?
True
Suppose -5*c + 5 = 5*x, -9 = -5*x - c - 0*c. Let n(l) = 13*l - 30*l + 16*l + 133*l**2 + x. Is n(1) prime?
False
Let h(z) = z**3 - 2*z**2 - z - 6. Let t be h(3). Is 851 - -1 - (t + (1 - -2)) a composite number?
True
Let c(t) be the third derivative of -75*t**4/8 + 7*t**3/6 + 26*t**2. Let g = 79 + -81. Is c(g) composite?
False
Suppose 5*b - 3*g = 9*b - 28252, -4*b + 28252 = -4*g. Is b composite?
True
Let i(r) = -891*r**2 + 6*r - 6. Let b be i(1). Let y = 1706 + b. Is y a composite number?
True
Suppose -96*y - 4 = -100*y. Is (0 + y)*1*(6789 + 16) prime?
False
Suppose 0*q = -5*q + 75. Suppose -y = -5*g + 56670, -2*y = 5 - q. Is g a prime number?
False
Let j = -313674 - -445777. Is j composite?
False
Let f(x) = 238*x**3 + 2*x**2 - 5*x - 10. Let o be f(-3). Let p = -2576 - o. Is p a prime number?
False
Let p = 8 - 7. Let a = 5 - p. Suppose -a = b - 5*b, 4*x = -5*b + 1917. Is x composite?
True
Let g be ((-55)/(-10) - 5)*(10 + 0). Let a(s) = 9*s**2 - 7*s + 9. Let k be a(g). Suppose -y = 4*l - l - k, -3*l + 193 = 4*y. Is l composite?
False
Is -10 - -26 - (-7 - 476160) a prime number?
True
Let l = -25 - -20. Is l + -813*(-10 - -6) composite?
True
Suppose 18 = -5*n + 2*d, 2*n - d + 0*d = -7. Is -8 + n + 6 - -1999 a composite number?
False
Suppose 3*p + 8941 = -q, 2*p + 44747 = -5*q + p. Let k = q - -19821. Suppose -k = -5*n + 17204. Is n prime?
False
Let s(u) = -u**2 - 3*u + 2. Let p be s(0). Let t be -4*p/(-5) + (-28)/(-70). Is (t - 1361/(-1)) + 0 a composite number?
True
Let w = -51643 + 156546. Is w prime?
False
Let s be (-2 - (-8)/3) + (-47166)/(-18). Let b = s - 1414. Is b a composite number?
True
Let d = 35 + -25. Suppose 0 = 5*w - 0*w - d. Suppose -5*r - 501 = -2*b, b - 3*r - 252 = -w. Is b a composite number?
True
Suppose -55 = -s - 3. Let n = s - 32. Let b = 143 + n. Is b a composite number?
False
Let i(x) = 12*x**3 + 28*x**2 - 165*x - 180. Is i(61) prime?
False
Let a(l) = -1515*l**3 - 5*l**2 - 26*l + 1. Let i be -33*((-20)/(-12) - 2). Let h(q) = -303*q**3 - q**2 - 5*q. Let z(k) = i*h(k) - 2*a(k). Is z(-1) composite?
True
Suppose -18919 = -v + 11841. Suppose -20*o = -12*o - v. Is o composite?
True
Let r = -6364 - -6596. Let x(l) = 324*l**2 + 1. Let o be x(1). Let m = o + r. Is m a prime number?
True
Let s = 84 - -7. Let x = 120 + s. Is x a prime number?
True
Let n be (6/(-4) -